lse
Let s(j) = 5*j**2 - 146*j - 4762. Is s(-75) a composite number?
False
Let c(a) = -5256*a + 1427. Is c(-179) a composite number?
True
Suppose -30*s - 108105 = -x - 28*s, -540532 = -5*x + 3*s. Is x composite?
False
Suppose q - 2870 = -3*t + 3579, 2*t = 2*q - 12914. Suppose -28*h + q = -23*h. Is h a prime number?
True
Suppose 0 = 1569*g - 1560*g - 1217439. Is g a composite number?
False
Is -2 - (9 + -23504) - (-12)/(-2) a prime number?
False
Let q = -8313 + 34172. Is q a composite number?
True
Let d be 2*1/8 - (-120)/32. Suppose -5*c + 3*u - 7769 = -23066, c = d*u + 3073. Is c a composite number?
True
Let t be (9/(-6))/(3/(-24))*-1. Let n be (8 - 90)*(1 + t). Let v = n - -947. Is v prime?
False
Suppose 2*c - 2*a - 4110 = 0, a = -c + 4*c - 6175. Suppose 0 = -b - 1 - 1, 8 = 2*h + b. Suppose 6*y - 2*z - 2075 = y, h*y - c = -z. Is y composite?
True
Suppose -36*m - 72 = -28*m. Is 6/m*-8079 - (10 - 13) prime?
False
Suppose -2298*u + 2297*u = -196919. Is u prime?
True
Let j(k) = -2*k**3 + 5*k**2 - 27*k - 30. Let u be j(14). Is (8 + -9)/(-1*(-2)/u) composite?
True
Let g be (-1)/2 + ((-462)/(-12) - 7). Suppose v - g*v = -140730. Is v prime?
True
Let o = -4066 - -5738. Let j = o - 1179. Is j a composite number?
True
Suppose -4*x = -43*w + 45*w - 2015286, 3*x = -5*w + 1511482. Is x a prime number?
True
Let b(w) = -w**2 + 11*w + 12. Let l be b(-4). Is 18715/8 + 18/l a composite number?
False
Suppose -4*q + 7773 = -3*u, 3 = 5*u - 2. Let d = -1271 + q. Is d a composite number?
False
Suppose 15*t = 6*t - 135. Let u = -11 - t. Is 2/u - (-1521)/6 prime?
False
Suppose -3*p - 71449 - 478948 = -5*d, 3*d = -8*p + 330199. Is d a composite number?
True
Let a = -74491 + 120950. Suppose -11*n = -18*n + a. Is n prime?
True
Suppose 12*y = 143*y - 19350403. Is y a prime number?
False
Let n = -126 - -126. Suppose b = 5*f - 1679, 2*b = -2*f - n*f + 674. Let m = f + 617. Is m a composite number?
False
Let p(c) = -c**2 + 3*c + 2. Let w = 21 + -18. Let v be p(w). Suppose -12 = -4*a, 1221 = 4*j + v*a - 7*a. Is j a prime number?
False
Suppose 20*y - 30 = 14*y. Suppose 3*p + 17*c = 19*c + 20649, 4*p = -y*c + 27509. Is p a composite number?
True
Let b be 2414 - (75/65 - 2/13). Suppose 18*n = 15*n + 54. Suppose n*u + u = b. Is u a prime number?
True
Let h be ((-2)/1)/(62/(-93)) + -2. Is (h + -3)/(34/(-1078123)) prime?
True
Is 2/15 + (-144284442)/(-1710) prime?
True
Let b(w) = 42*w**2 + 32*w - 171. Let o be b(-30). Suppose 15*x - o = 12*x. Is x a prime number?
False
Is (1 - (-1)/(-2))/((-26510630)/(-384212) - 69) prime?
True
Suppose 9*i + 9160 = 29*i. Suppose 77645 = 463*w - i*w. Is w composite?
True
Let n = 9545 - 3169. Suppose -11*a + 3*a = -n. Is a composite?
False
Let a be (-274)/3 - ((-102)/(-18) + -5). Let q = a - -390. Is q a composite number?
True
Let d = -98 + 97. Let h be (-4)/d - ((1 - -2) + 4). Let k(o) = -59*o**3 + 2*o**2 - 5*o - 3. Is k(h) prime?
False
Suppose 22*u - 33601 = -5*f + 18*u, f - 6716 = -5*u. Suppose 3*t = -2*o + f, -5*o - 5*t + 21048 - 4258 = 0. Is o composite?
True
Let i(r) be the first derivative of r**4/4 + 4*r**3/3 + 3*r**2/2 + 3*r - 6. Let u be i(-2). Suppose 0 = -2*m + g + 476, u*g - 360 = -5*m + 845. Is m composite?
False
Suppose -3*x = -4*g - 6*x - 646, 0 = 2*g + x + 324. Let c = -90 - g. Let z = c - -150. Is z prime?
True
Is 34937 + ((-1)/(-8))/(57/912) prime?
True
Let c(l) = -l**2 + 18*l - 15. Let b be c(17). Suppose 7*m + 6120 = b*m. Let p = m - -1743. Is p composite?
True
Let d(i) = 43*i**2 + 11*i + 168. Let w be d(-17). Let j = w - 7069. Is j a composite number?
True
Suppose -59 = -4*s + c - 12, -51 = -4*s - 3*c. Suppose 3827 + 28801 = s*l. Is l composite?
False
Let c(r) = -774*r - 9. Let a be c(-19). Suppose 0 = -0*s + 3*s - 15, -2*b = -5*s - a. Is b a composite number?
True
Suppose 8 = -7*b - 20. Let y be (-3 - (b - -1))/2. Suppose n = -2*o + 504, y*o - 2*o = -3*n - 512. Is o prime?
False
Let u(b) = 163*b**3 - 5*b**2 - 7*b - 2. Let i be u(-3). Let h = -2972 - i. Suppose -5*x - 20 = -h. Is x a prime number?
False
Let t(v) = 3481*v**2 + v - 39. Is t(4) a composite number?
False
Let j(t) = 62*t**2 - 147*t + 35. Is j(-22) prime?
False
Suppose -6*v + f = -4*v - 4, -3*v + 5*f = -20. Suppose -2*u = -v*u - 358. Suppose -u - 70 = -l. Is l composite?
True
Let j(d) be the third derivative of -d**4/24 - 5*d**3/3 + d**2. Let y be j(6). Is (-2)/3*16152/y composite?
False
Suppose -3493*z - 1060103 = -3510*z. Is z a prime number?
False
Suppose -927*m + 1864*m + 15642871 = 956*m. Is m composite?
False
Suppose -4*k + 4349 = -5*o, -13*k - 5*o = -10*k - 3288. Suppose -x - 1427 - k = -2*y, -3*x + 12 = 0. Is y prime?
False
Suppose -216 = 18*x - 324. Suppose x*d = -13704 + 34122. Is d composite?
True
Suppose -w + 1622 = 592. Let s = -540 - -769. Let g = s + w. Is g prime?
True
Let d be (10/6)/((-15)/(-45)). Let l(u) = 14*u**3 - 3*u**2 - 8*u + 22. Is l(d) a composite number?
False
Suppose -4*g + 3*w + 207 = -g, 5*g + 4*w = 354. Is (-8076)/(-15)*g/28 prime?
False
Let t(m) = -9*m**3 - 24*m**2 + 48*m - 16. Let w(r) = -3*r**3 - 8*r**2 + 16*r - 5. Let f(a) = 2*t(a) - 7*w(a). Let y = -240 - -250. Is f(y) a prime number?
True
Let d(z) = -5787*z + 170. Let k be d(-5). Suppose 6*m - 409 = k. Is m prime?
True
Is ((-2880)/256 - 1/(-4)) + 55318 composite?
True
Let m be 1058133 + -1*2*(-9)/(-6). Is (-2)/(-7) + m/210 a prime number?
True
Suppose -2*k = y - 2, 0 = -5*k - y + 6 - 4. Suppose 3*m = 26*s - 23*s - 56865, 4*s + m - 75810 = k. Is s composite?
True
Suppose -6*t + t + 107 = -4*x, -6 = -3*x. Let j(v) = t - 2*v + 0*v - v. Is j(-18) composite?
True
Let x(p) be the second derivative of -p**4/12 + 4*p**3/3 + 12*p**2 - 16*p. Let a be x(10). Suppose 4*d - 2*d = a*h - 2968, -d = 3*h - 2231. Is h composite?
False
Let f(o) = 107878*o**2 + 517*o - 1550. Is f(3) a prime number?
True
Suppose -32*s + 6616026 + 17357452 - 5613702 = 0. Is s a prime number?
False
Let t = 265311 + 8192. Is t a composite number?
False
Let t(x) = 2*x**3 - 16*x**2 + 4*x - 19. Let d be t(8). Suppose 0 = -b + 3*u + 2969, -d*b + 8851 = -10*b + 5*u. Is b prime?
True
Suppose 496*g - 488*g - 4456 = 0. Is g a prime number?
True
Suppose 55*h = -9931 + 78956. Let f = h - -1666. Is f composite?
True
Let o = 158 + -153. Let b be 18/(-6) - (-4 - o). Is 6332/b + (-26)/78 a prime number?
False
Let h be (-3)/(-6)*-8 - -2088. Suppose 6*y - y = -3*r + h, 3*y + 2*r = 1250. Let q = y + 25. Is q prime?
True
Suppose -23*m + 236930 = 6*m. Let t = m + 3693. Is t prime?
True
Let l be 4/5 - 4010/(-50). Let a = l - 81. Suppose 22*o - 25*o + 1587 = a. Is o prime?
False
Let p(a) = 55105*a**3 + 10*a**2 + 14*a - 59. Is p(2) composite?
False
Suppose -5*a - 3*a = -0*a. Suppose a = 4*g - 18744 - 13844. Is g a composite number?
False
Suppose 4*x - 39 = -3*y, 0*y - 25 = -2*y - 3*x. Suppose -183 = -y*f - 1101. Is ((-13)/(-3) - (-72)/f) + 1098 prime?
False
Let z(k) = -k**3 + 7*k**2 + 7*k + 10. Let x be z(8). Let h be (x/6)/((-6)/(-90)). Suppose -h*w - 4205 = -10*w. Is w a composite number?
True
Suppose -57*v - 49*v = -161*v + 4799465. Is v prime?
False
Let n(q) = 3*q**2 + 322*q - 158. Is n(-117) a composite number?
True
Let u be (-2)/((-66)/45 - 4/(-5)). Is 0 + u - (-3488)/2 composite?
False
Let f(h) = 4*h**2 + 28*h + 18. Let g be f(-19). Suppose 5*q + 2*b - 2455 = 0, 4*q + g = -b + 2894. Is q prime?
True
Suppose -2*f - c - 10 = 0, -3*c = -2*f + 3*f + 5. Let m(u) = -363*u + 94. Is m(f) a composite number?
True
Is -9 + 17*-12*(-63387)/27 a prime number?
False
Let t = 25907 - 12960. Suppose 3*m - 106 = t. Is m a prime number?
False
Suppose -219*g = -128*g - 206659320 - 177547321. Is g a composite number?
False
Let o be (-104)/(-2) + (-5 - (-15)/5). Let x be (-4)/(-10) - (-95980)/o. Suppose 0 = v - x - 247. Is v a composite number?
True
Let h be 20/(-15)*((-1)/(-2) - 2). Let r be (-24)/(4*-1)*h/6. Is 85766/418 - r*(-1)/(-11) a prime number?
False
Suppose 48*i + 441 = 41*i. Is ((-563556)/i)/(8/6) a composite number?
False
Suppose -n + 5382 = -1584. Let w = n - 19946. Is 2 + (-22)/12 + w/(-24) a composite number?
False
Suppose -4 = 4*k - 140. Suppose 16 - k = 3*q. Is q*((-1618)/12 - -2) composite?
False
Suppose 119*a - 6928825 = 4247092 + 25035902. Is a composite?
False
Let d(j) = -118*j + 1. Let q = -29 + 46. Let u = 16 - q. Is d(u) a prime n